{"version":"1.0","provider_name":"La Rioja","provider_url":"https:\/\/blogs.es.amnesty.org\/larioja","title":"Concurso Escolar sobre Derechos Humanos 2021 - La Rioja","type":"rich","width":600,"height":338,"html":"<blockquote class=\"wp-embedded-content\" data-secret=\"nEUbMWoeVP\"><a href=\"https:\/\/blogs.es.amnesty.org\/larioja\/2021\/05\/04\/concurso-escolar-sobre-derechos-humanos-2021\/\">Concurso Escolar sobre Derechos Humanos 2021<\/a><\/blockquote><iframe sandbox=\"allow-scripts\" security=\"restricted\" src=\"https:\/\/blogs.es.amnesty.org\/larioja\/2021\/05\/04\/concurso-escolar-sobre-derechos-humanos-2021\/embed\/#?secret=nEUbMWoeVP\" width=\"600\" height=\"338\" title=\"\u00abConcurso Escolar sobre Derechos Humanos 2021\u00bb \u2014 La Rioja\" data-secret=\"nEUbMWoeVP\" frameborder=\"0\" marginwidth=\"0\" marginheight=\"0\" scrolling=\"no\" class=\"wp-embedded-content\"><\/iframe><script>\n\/*! This file is auto-generated *\/\n!function(d,l){\"use strict\";l.querySelector&&d.addEventListener&&\"undefined\"!=typeof URL&&(d.wp=d.wp||{},d.wp.receiveEmbedMessage||(d.wp.receiveEmbedMessage=function(e){var t=e.data;if((t||t.secret||t.message||t.value)&&!\/[^a-zA-Z0-9]\/.test(t.secret)){for(var s,r,n,a=l.querySelectorAll('iframe[data-secret=\"'+t.secret+'\"]'),o=l.querySelectorAll('blockquote[data-secret=\"'+t.secret+'\"]'),c=new RegExp(\"^https?:$\",\"i\"),i=0;i<o.length;i++)o[i].style.display=\"none\";for(i=0;i<a.length;i++)s=a[i],e.source===s.contentWindow&&(s.removeAttribute(\"style\"),\"height\"===t.message?(1e3<(r=parseInt(t.value,10))?r=1e3:~~r<200&&(r=200),s.height=r):\"link\"===t.message&&(r=new URL(s.getAttribute(\"src\")),n=new URL(t.value),c.test(n.protocol))&&n.host===r.host&&l.activeElement===s&&(d.top.location.href=t.value))}},d.addEventListener(\"message\",d.wp.receiveEmbedMessage,!1),l.addEventListener(\"DOMContentLoaded\",function(){for(var e,t,s=l.querySelectorAll(\"iframe.wp-embedded-content\"),r=0;r<s.length;r++)(t=(e=s[r]).getAttribute(\"data-secret\"))||(t=Math.random().toString(36).substring(2,12),e.src+=\"#?secret=\"+t,e.setAttribute(\"data-secret\",t)),e.contentWindow.postMessage({message:\"ready\",secret:t},\"*\")},!1)))}(window,document);\n\/\/# sourceURL=https:\/\/blogs.es.amnesty.org\/larioja\/wp-includes\/js\/wp-embed.min.js\n<\/script>\n","thumbnail_url":"https:\/\/blogs.es.amnesty.org\/files\/uploads\/sites\/12\/2021\/05\/ConcursoDDHH_Escuelas_2021_foto-e1620153738722.jpg","thumbnail_width":466,"thumbnail_height":262,"description":"Un a\u00f1o m\u00e1s, este curso tambi\u00e9n ha tenido lugar el Concurso Escolar sobre Derechos Humanos de la Red de Escuelas de Amnist\u00eda Internacional La Rioja. El certamen ha tenido este a\u00f1o como tema el art\u00edculo 25 de la Declaraci\u00f3n Universal de Derechos Humanos que proclama el Derecho a la Salud. A pesar de las conocidas [&hellip;]"}

Un año más, este curso también ha tenido lugar el Concurso Escolar sobre Derechos Humanos de la Red de Escuelas de Amnistía Internacional La Rioja. El certamen ha tenido este año como tema el artículo 25 de la Declaración Universal de Derechos Humanos que proclama el Derecho a la Salud. A pesar de las conocidas [&hellip;]
